l(h) = 2*h. Give l(u).
10
Suppose -2*f + 20 = -4. Let u(b) = f*b - 3*b + 7*b + b. Determine u(1).
17
Let h(z) = -25*z**3 + z + 1. Suppose -10*t + 81 = -29. Suppose -t*f - 25 = -14. Determine h(f).
25
Let l = 270 - 270. Suppose -2*f = 4*q - 16, l = q + 3*f - 7*f - 4. Let d(t) = -t**3 + 2*t**2 - 2*t - 1. Give d(q).
-41
Suppose -3*v + 31 = -2*m, 3*m - 50 = -5*v + 8*m. Let p(x) = 4*x**2 - 9 + 3*x**2 + 2*x**2 + x**3 - v*x. Determine p(-10).
1
Let x(w) be the first derivative of w**5/60 + w**4/3 + 2*w**3 - 3*w**2 + 42. Let p(u) be the third derivative of x(u). Suppose 0 = j + 8. Give p(j).
-8
Let f(l) = 10*l - 106. Let a be f(11). Suppose -m - 3*b = 11, -a*m - 3*b - 5 = -4*b. Let z(g) = -8*g**2 + 4*g + 3. Determine z(m).
-37
Let g(v) = -v**3 - 18*v**2 - 2*v - 32. Let z be (-289)/34 + -6 - 7/2. Calculate g(z).
4
Let g(m) be the third derivative of -m**6/120 - 2*m**5/3 + 7*m**4/4 + 23*m**3/6 - 652*m**2 + 4*m. What is g(-41)?
-18
Let c(p) be the first derivative of -p**4/4 - 3*p**3 - 3*p**2/2 - 9*p - 967. Calculate c(-8).
-49
Let f(l) = -l**2 - 5*l - 5. Let i = -449 + 453. Suppose -2*n = -i*u + 5*u - 1, -3*u + 5*n = 30. Calculate f(u).
-5
Suppose 2*x = -w + 9, x + 0*w = -2*w + 3. Suppose 0 - 10 = -x*d. Let h(g) = -140*g**2 + d + 141*g**2 + 7 - 6*g. Determine h(6).
9
Let y(q) = 127*q - 373*q + 123*q + 4*q**3 + 122*q. Calculate y(1).
3
Let c(i) = -i**2 - 2*i - 54. Suppose 47 = 5*t + 2*l + 37, -l + 5 = t. What is c(t)?
-54
Let g = 146390 - 146381. Let o(c) = -c**2 + 11*c - 12. Let x(n) = 3*n**2 - 33*n + 36. Let k(s) = -8*o(s) - 3*x(s). Calculate k(g).
6
Let f(z) = 14*z**3 - z**2 - z. Let n(k) = -k**3 + 5*k**2 - 4*k. Let a = 31 - 28. Let r be n(a). Suppose 2*m - 7 + 0 = 5*u, 0 = 4*u - 2*m + r. What is f(u)?
-14
Let b(q) = q**2 - 45. Let s = -3568 - -3561. What is b(s)?
4
Let y(z) = z**3 - 7*z**2 - 6*z + 2. Let a = 592 - 579. Suppose -5*n + 13 = -2, 2*p - n - a = 0. What is y(p)?
18
Let l(n) = 12*n**3 + 125*n**2 + 67*n + 108. Let w(p) = 7*p**3 + 72*p**2 + 34*p + 54. Let r(g) = 3*l(g) - 5*w(g). Determine r(-13).
-11
Let l(k) = 35*k**2 - 73*k**2 + 37*k**2 + 4 - 5*k. Let h be 3/4 - 39/(-12). Suppose -i + 15 = -h*i. Give l(i).
4
Let i(p) = -2*p - 13. Suppose -122*m + 127*m + 5*a = 0, m - 2*a = 18. Calculate i(m).
-25
Let d = -54 - -47. Let l be 1/3 + 1/(-3) + 0. Let k(g) = -5 - 6*g + l*g**3 - 8*g**2 - 1 - g**3 + 14. Give k(d).
1
Let f(v) be the third derivative of v**6/120 + v**5/6 + 5*v**4/6 - 13*v**3/6 - 26*v**2 + 16. Give f(-7).
-6
Let q(p) = p - 5. Let d(n) = -3*n**2 + 28*n + 4. Let a be d(12). Let u = 94 + a. Suppose 3 = -u*b + 9. Give q(b).
-2
Let j(a) = a**2 - 5*a. Let h be (60/(-14))/(-1) - 8/28. Suppose 0*d - h*t = -2*d + 12, 69 = 5*d + 3*t. Suppose -10*q = -d*q + 12. What is j(q)?
6
Let n(m) = m + 8. Let c(a) = 2*a**2 - 28*a + 4. Let b be c(14). Suppose 2*k = -d - 23 + b, 3*k + 3*d = -33. What is n(k)?
0
Let t be 3 + 2 + -1 + 42 + -43. Suppose -5*p + 5*i = -10, -2*i = t*p - 5 + 14. Let x(d) be the third derivative of 7*d**4/12 + d**3/6 + d**2. What is x(p)?
-13
Let u(w) be the third derivative of 42 + 0*w - 2*w**2 + 1/3*w**3 - 1/6*w**4 + 1/60*w**5. What is u(4)?
2
Suppose n = -n - 10. Let k be 1 + 8 + (0 + -1)*3. Let s(p) = -47*p + 78*p - 35*p - k. Give s(n).
14
Let g(b) = 26*b + 4*b**2 - b**2 - 472 + 480. Calculate g(-8).
-8
Let h(n) = -n**2 - n. Let b(d) = d**2 - 62*d + 234. Suppose 183 = 3*l + 3*t, l - 5*t - 50 + 7 = 0. Let m be b(l). Determine h(m).
-6
Let t(o) = -o**2 - 1. Let q be t(-2). Suppose 9*r = 119 - 101. Let d(x) = -5*x + 154*x**2 - 50*x**r - 5 - 54*x**2 - 51*x**2. Determine d(q).
-5
Let g be 1 - (-2)/6*0. Let b be 8/6*32436/106. Let z(r) = b*r**2 - 410*r**2 - r - r**3 + g + 7*r. Calculate z(-4).
9
Let j = -32 + 30. Let v be j*17/4 + (-49)/(-98). Let u(h) = 2*h - 2. Calculate u(v).
-18
Let z = -225 - -226. Let d be 1/((-2)/4*(-3 + z)). Let l(m) = 10*m**2 - m + 1. Determine l(d).
10
Let d(p) = -7*p**2 + 2*p + 14. Let y(h) = 5*h**2 - h + 4. Let x(c) = -d(c) - y(c). Give x(-4).
18
Let q(v) = v + 4. Let m be (437/115 - 8/10)/1. Suppose 626*o - 627*o = -m. Calculate q(o).
7
Suppose -37*b + 238 = 16. Let n(v) = 2*v**2 + 2*v - 40. Determine n(b).
44
Let o(k) = -k**2 - k + 2. Let f be ((-7 - 197)/(-4))/((-6)/4). Let l = 39 + f. Suppose 30 = -l*z + 3*t - 6*t, -5*t - 22 = -z. Calculate o(z).
-4
Let h(j) = -j**2 - 5*j - 11. Suppose 5*l - 26 - 4 = t, 0 = 4*t. Suppose 147*n = 149*n + l. Calculate h(n).
-5
Let g(m) = 19*m**2 - 216*m - 67 - 21*m**2 - 4 + 218*m. Give g(0).
-71
Let g(i) be the second derivative of i**4/2 - i**3/6 - 9*i**2/2 + 4314*i. Determine g(3).
42
Let p(h) = 2*h**3 - 2*h**2 - 6*h. Let z = -14772 - -14775. Calculate p(z).
18
Let o = -36102 + 36109. Let n(t) = 19*t - 122. Determine n(o).
11
Suppose 2*m + n = 63, -2*n = -0*m - 2*m + 66. Let o(t) = 22 + 2*t - m*t**3 + 6*t**2 + 33*t**3 + 6*t - 18. Determine o(-4).
4
Suppose -32*j + 2*j + 60 = 0. Let h(u) = 0*u + 12*u**2 + u + 5*u**2 - 8*u**j. What is h(-1)?
8
Let i = 27 - -28. Suppose -7*d + i = 6. Let j(m) = m**3 - 8*m**2 + 7*m - 1. What is j(d)?
-1
Let f(i) = -183*i - 19 - 183*i + 6 - 4 + 369*i. Suppose -6*z + 68 - 26 = 0. Give f(z).
4
Let a = 22106 - 22095. Let z(g) = g**3 - 9*g**2 - 11*g. Determine z(a).
121
Let x(a) be the second derivative of -5*a**3/2 - 10*a**2 - 10*a - 426. Give x(-2).
10
Let n(t) be the second derivative of t**8/672 + t**6/720 - t**4 + 2*t**2 - 65*t. Let a(c) be the third derivative of n(c). What is a(-1)?
-11
Suppose 29*v - 1448 = 37*v. Let i = v - -175. Let h(o) = -o + 9. Determine h(i).
15
Suppose -3*g + 4*l - 13 = 0, -2*g + 14 - 16 = -l. Let y(z) = 39*z**2 - z + 1. Calculate y(g).
39
Let u(c) = 275*c - 6 - 820*c + 274*c + 267*c. Determine u(-4).
10
Let h(s) be the first derivative of 29*s**2/2 - 81*s - 1634. Calculate h(3).
6
Let r(u) be the third derivative of -u**4/8 + 5*u**3/6 + u**2. Let w = 4105 - 4096. Give r(w).
-22
Suppose -319*a = -302*a + 153. Let o(w) = -w**3 - 8*w**2 + 9*w - 6. Calculate o(a).
-6
Let w(a) = -a**3 + 15*a**2 - 45*a + 4. Let n = 12066 - 12062. What is w(n)?
0
Let u(g) = g**3 + 3*g**2 - 44*g + 64. Let k be u(2). Let n(c) = -c**3 - 4*c**2 + 6*c - 6. Determine n(k).
-30
Let k(q) = -q - 4. Let f be 42*(-1 - 28/(-12)). Suppose -13*n = -126 - f. Let g(v) = 4*v + 20. Let p(j) = n*k(j) + 3*g(j). Give p(3).
-2
Let q(j) be the third derivative of 13*j**7/840 - j**6/360 - j**5/120 + 16*j**3/3 + 46*j**2. Let g(n) be the first derivative of q(n). Calculate g(-1).
-13
Let y be -4*7 + 4 + 1. Let x be 34/204 + y/(-6). Let n(s) = s**3 - 4*s**2 - 3*s - 3. Determine n(x).
-15
Suppose 0 = 16*c - 5*c - 11. Let w(o) = 26*o - 55*o + 2 + 28*o + c. Determine w(-10).
13
Let a(w) = -w + 15. Let h be a(13). Let l(g) = 3 + 4 + g**h + 2 - 13*g. Determine l(12).
-3
Let n(b) be the first derivative of -15*b**4/4 + b**3/3 - b**2/2 + b + 65. Let y(g) = 6*g + 169. Let a be y(-28). Give n(a).
-14
Let s(h) = -333*h - 161. Let g(k) = 29*k + 14. Let w(x) = -46*g(x) - 4*s(x). Let r be 4/6 - (-28)/(-6). Determine w(r).
8
Let u(b) be the second derivative of -1/20*b**5 - 11/6*b**3 - b**4 - 162*b - 5/2*b**2 + 0. Calculate u(-11).
-5
Let l(u) be the third derivative of u**4/24 + 5*u**3/6 - 2*u**2. Let w be ((-3)/(-14 + 5))/((-1)/(-159)). Suppose -22 = 15*d + w. Give l(d).
0
Let y(c) be the first derivative of 20*c**3/3 + 3*c**2/2 - 6*c + 4832. Give y(-3).
165
Let t(o) be the third derivative of o**6/60 - 7*o**4/24 - 5*o**3/6 - 133*o**2. Let l be t(-2). Let k(x) = -x**3 - 6*x**2 + 3*x - 28. What is k(l)?
0
Let w(y) be the third derivative of 7*y - 1/6*y**3 + 0 - 1/24*y**4 - y**2. What is w(11)?
-12
Let s(j) = 2*j + 16. Suppose 5*k + 8*l - 3*l - 145 = 0, k = 5*l + 23. Suppose 3*f = -8*v + 13*v - k, -2*f - 20 = -2*v. What is s(f)?
-6
Let c(y) = y**3 - 3*y**2 - 11*y + 4. Let i = 3958 + -3953. Calculate c(i).
-1
Let t(u) = 1882 + 19*u - 2*u - 2705 + 24*u. Determine t(20).
-3
Let u(c) = -26*c**3 + 130*c**2 - 23*c + 117. Let l be u(5). Let i(a) be the first derivative of 23/3*a**3 + 26 + 0*a**l - a. Determine i(-1).
22
Let a(y) = 2373*y - 2372*y + 11 + 18. Determine a(-8).
21
Let g(n) be the first derivative of n**3/3 - 35*n**2/2 + 41*n + 4786. Give g(34).
7
Let p = -237 - -325. Let s(a) = -p - a**2 + 7*a**2 - a**3 + 8*a - 2*a**2 + 165 - 86. What is s(5)?
6
Let s(z) = -z**2 + 4